
True
Is 4 a factor of 5954426?
False
Does 40 divide 657248?
False
Is 745 a factor of 645170?
True
Is 55899 a multiple of 9?
True
Does 18 divide 449330?
False
Is 10 a factor of 439500?
True
Is 913 a factor of 7779983?
False
Is 340 a factor of 299880?
True
Is 157 a factor of 6037592?
True
Is 86 a factor of 698148?
True
Is 18 a factor of 117273?
False
Is 215 a factor of 1261405?
True
Is 287 a factor of 19229?
True
Is 5089578 a multiple of 299?
True
Is 2135320 a multiple of 11?
True
Does 4 divide 7979552?
True
Does 62 divide 4007511?
False
Does 103 divide 176851?
True
Is 2229367 a multiple of 32?
False
Does 5 divide 4765198?
False
Is 47892 a multiple of 102?
False
Is 32 a factor of 41536?
True
Does 80 divide 1370030?
False
Is 3023660 a multiple of 730?
True
Is 104141 a multiple of 4?
False
Is 374274 a multiple of 237?
False
Is 106 a factor of 1831045?
False
Is 15 a factor of 954833?
False
Is 103398 a multiple of 21?
False
Is 946240 a multiple of 169?
False
Does 97 divide 48443?
False
Is 26 a factor of 1161264?
True
Is 187 a factor of 31229?
True
Is 48775 a multiple of 5?
True
Is 5725440 a multiple of 1008?
True
Is 175 a factor of 21316575?
True
Does 36 divide 813356?
False
Does 12 divide 243474?
False
Does 8 divide 61720?
True
Does 168 divide 695184?
True
Does 114 divide 2370516?
True
Is 55 a factor of 3941463?
False
Is 306240 a multiple of 16?
True
Is 86 a factor of 56488?
False
Is 228573 a multiple of 9?
True
Is 21 a factor of 452718?
True
Is 498 a factor of 3329647?
False
Is 59477 even?
False
Is 784510 a multiple of 46?
False
Is 73848 a multiple of 17?
True
Is 268 a factor of 1783808?
True
Is 20479 a multiple of 9?
False
Is 14 a factor of 1013992?
True
Does 25 divide 27425?
True
Is 207 a factor of 39228?
False
Does 108 divide 80655?
False
Is 237261 a multiple of 51?
False
Does 38 divide 63449?
False
Does 66 divide 130548?
True
Does 203 divide 5732575?
False
Does 9 divide 256671?
True
Is 234707 a multiple of 209?
True
Is 53 a factor of 42680?
False
Is 9 a factor of 48416?
False
Is 31248 a multiple of 56?
True
Is 229 a factor of 481624?
False
Is 239 a factor of 6453?
True
Is 251991 a multiple of 153?
True
Is 25 a factor of 141197?
False
Is 79661 a multiple of 15?
False
Does 13 divide 2398578?
True
Does 23 divide 43332?
True
Does 64 divide 899696?
False
Is 734 a factor of 1843074?
True
Does 6 divide 28938?
True
Is 82 a factor of 82049?
False
Is 33 a factor of 65080?
False
Does 13 divide 199225?
True
Is 12 a factor of 217930?
False
Does 104 divide 822640?
True
Is 5 a factor of 534065?
True
Is 115049 a multiple of 68?
False
Does 16 divide 480377?
False
Does 30 divide 17815777?
False
Is 234370 a multiple of 68?
False
Does 1882 divide 6895648?
True
Is 3 a factor of 423?
True
Is 303264 a multiple of 486?
True
Is 9 a factor of 1633509?
True
Is 84 a factor of 22372?
False
Does 112 divide 2031737?
False
Is 158586 a multiple of 16?
False
Does 36 divide 129600?
True
Is 4 a factor of 1108?
True
Does 18 divide 864035?
False
Is 7 a factor of 163355?
False
Is 24 a factor of 324592?
False
Is 15 a factor of 1849449?
False
Is 819596 a multiple of 784?
False
Is 25562 a multiple of 4?
False
Is 101 a factor of 1351481?
True
Is 21574 a multiple of 14?
True
Does 4 divide 128982?
False
Is 836244 a multiple of 173?
False
Is 234 a factor of 679038?
False
Is 2648805 a multiple of 365?
True
Is 387327 a multiple of 141?
True
Does 286 divide 718432?
True
Is 132 a factor of 5308380?
True
Is 2 a factor of 64615?
False
Is 1214626 a multiple of 19?
False
Is 232 a factor of 591832?
True
Is 1087400 a multiple of 212?
False
Does 200 divide 900000?
True
Is 37 a factor of 1145637?
False
Is 12 a factor of 238779?
False
Does 43 divide 51396?
False
Is 17 a factor of 1849109?
False
Does 4 divide 280492?
True
Is 1808276 a multiple of 1579?
False
Is 224038 a multiple of 95?
False
Is 38 a factor of 3461845?
False
Does 7 divide 23744?
True
Is 4101092 a multiple of 87?
False
Does 7 divide 86122?
False
Is 267 a factor of 3758292?
True
Is 513 a factor of 1304278?
False
Is 1903200 a multiple of 624?
True
Is 150 a factor of 3737648?
False
Does 86 divide 22446?
True
Does 12 divide 2867788?
False
Is 73 a factor of 273412?
False
Is 713104 a multiple of 90?
False
Is 32911 a multiple of 14?
False
Does 93 divide 772280?
False
Is 2 a factor of 2921316?
True
Is 43 a factor of 735902?
True
Is 11 a factor of 125110?
False
Is 238592 a multiple of 289?
False
Does 13 divide 1828554?
True
Is 23 a factor of 418?
False
Does 98 divide 241080?
True
Is 379 a factor of 7229107?
False
Is 551 a factor of 514159?
False
Is 5830 a multiple of 6?
False
Is 2404855 a multiple of 15?
False
Is 305 a factor of 827974?
False
Is 10027692 a multiple of 65?
False
Is 50 a factor of 16597?
False
Is 6999678 a multiple of 1126?
False
Does 173 divide 250261?
False
Is 2 a factor of 45465?
False
Does 31 divide 412599?
False
Is 17 a factor of 263704?
True
Does 699 divide 312453?
True
Is 892 a factor of 13439915?
False
Is 111 a factor of 19471509?
True
Does 10 divide 1508380?
True
Does 356 divide 44144?
True
Is 228 a factor of 50616?
True
Is 459 a factor of 4463775?
True
Is 9418110 a multiple of 26?
True
Does 62 divide 64728?
True
Is 226796 a multiple of 415?
False
Is 141675 a multiple of 15?
True
Does 20 divide 358693?
False
Is 187 a factor of 1035419?
True
Is 202 a factor of 413464?
False
Is 45 a factor of 62370?
True
Is 202978 a multiple of 10?
False
Does 152 divide 429552?
True
Does 2398 divide 20855406?
True
Is 118 a factor of 6880344?
True
Is 33 a factor of 1057023?
True
Is 4 a factor of 1824?
True
Does 28 divide 4368197?
False
Is 464 a factor of 4957840?
True
Does 21 divide 80535?
True
Is 11 a factor of 411499?
True
Does 10 divide 119040?
True
Does 10 divide 3780?
True
Is 137031 a multiple of 25?
False
Is 147 a factor of 140710?
False
Is 181938 a multiple of 40?
False
Does 5 divide 3902311?
False
Is 189552 a multiple of 33?
True
Does 1796 divide 811294?
False
Is 56937 a multiple of 190?
False
Does 4 divide 400357?
False
Does 141 divide 29187?
True
Does 205 divide 1203756?
False
Does 11 divide 2510321?
True
Is 622170 a multiple of 34?
False
Does 364 divide 72436?
True
Is 685441 a multiple of 86?
False
Is 27 a factor of 179091?
True
Is 16288 a multiple of 2?
True
Is 12319272 a multiple of 14?
True
Is 272165 a multiple of 246?
False
Is 5087414 a multiple of 1115?
False
Is 442 a factor of 1916512?
True
Is 1161 a factor of 691956?
True
Is 134085 a multiple of 31?
False
Does 42 divide 324534?
True
Is 3 a factor of 498177?
True
Is 218 a factor of 9628513?
False
Is 13 a factor of 6630?
True
Does 472 divide 36816?
True
Is 187560 a multiple of 180?
True
Is 2350407 a multiple of 291?
True
Is 216 a factor of 146671?
False
Does 44 divide 1376056?
True
Is 3496708 a multiple of 103?
False
Is 6 a factor of 7679652?
True
Is 30 a factor of 152850?
True
Is 10290525 a multiple of 85?
True
Does 1036 divide 1971508?
True
Is 2292195 a multiple of 3?
True
Is 3 a factor of 15359?
False
Does 30 divide 83650?
False
Is 1110600 a multiple of 25?
True
Does 9 divide 68146?
False
Is 12 a factor of 313327?
False
Does 50 divide 3648950?
True
Is 234184 a multiple of 292?
True
Is 23 a factor of 47219?
True
Does 210 divide 1985355?
False
Does 144 divide 915552?
True
Is 63 a factor of 1601523?
True
Is 313905 a multiple of 51?
True
Is 56 a factor of 47040?
True
Does 14 divide 132090?
True
Does 12 divide 194100?
True
Is 164275 a multiple of 18?
False
Does 65 divide 283218?
False
Does 6 divide 2568?
True
Is 7 a factor of 3578687?
True
Does 942 divide 395169?
False
Is 12 a factor of 47970?
False
Does 23 divide 8408276?
False
Does 2 divide 1120280?
True
Does 19 divide 2167747?
False
Is 3 a factor of 683626?
False
Does 216 divide 887112?
True
Does 7 divide 30639?
True
Is 6183093 a multiple of 79?
True
Is 6 a factor of 738390?
True
Is 4775618 a multiple of 19?
False
Does 8 divide 8974423?
False
Does 26 divide 94718?
True
Is 100 a factor of 263515?
False
Is 3853107 a multiple of 357?
False
Does 54 divide 1607660?
False
Is 52 a factor of 538460?
True
Is 12 a factor of 84104?
False
Is 403 a factor of 2128997?
False
Is 2943328 a multiple of 32?
True
Does 4 divide 11730?
False
Is 122976 a multiple of 7?
True
Is 269 a factor of 171084?
True
Does 13 divide 3133715?
True
Is 95832